3*i - 165, 2*f - 3*f = -3. What is the remainder when 111 is divided by i?
54
Let o(d) = 4*d**2 - d. Let z be o(1). Suppose 0*c - z*c - 117 = 0. What is the remainder when ((-12)/9)/(2/c) is divided by 9?
8
Let l = 65 - 52. What is the remainder when 45 is divided by l?
6
Let l(u) = u - 5. Let m(w) = -w**3 - 2*w**2. What is the remainder when m(-3) is divided by l(8)?
0
Let p be 4/22 + 524/22. Suppose f - p = -f. What is the remainder when ((-1)/(-3))/((-2)/(-204)) is divided by f?
10
Let y(c) = c**2 + c + 12. What is the remainder when y(0) is divided by (-2)/3*(-75)/10?
2
Let j(x) = -19*x - 3 - x**2 + 2*x + 9*x. What is the remainder when 35 is divided by j(-6)?
8
Let q = -1 - -7. Let g(o) = 4 - q*o + 2*o - 2*o. What is the remainder when g(-3) is divided by 12?
10
Suppose 2*a - 4*p = 8, a = -2*p + 3 + 5. Suppose -4*b + n + 183 = 0, a*n + 178 = 4*b + 4*n. Let v = b + -10. What is the remainder when v is divided by 13?
11
Let s be 0 + (-6)/(-1 + -2). Suppose 4*o - 5*c = 62, 50 = 2*o + s*o + c. Suppose -4*y + 59 + o = 0. What is the remainder when 53 is divided by y?
17
Suppose -a = 4*i - 37, 5*a + i - 110 = 6*i. Suppose 4*t + 32 = 4*r, 3*t = -3*r + 66 - 12. What is the remainder when a is divided by r?
12
Let n be 9*-1*(1 + 0). Let c(j) = -j**2 - 11*j - 6. What is the remainder when 35 is divided by c(n)?
11
Let t = 12 + -2. Let w be ((-9)/(-12))/((-2)/(-8)). Suppose q - 24 = -w*q. What is the remainder when t is divided by q?
4
Let z be ((-1)/1)/((-2)/8). Let q = 19 - z. Suppose 5*m - 164 = 51. What is the remainder when m is divided by q?
13
Suppose -4*d + 15 = -37. What is the remainder when d is divided by 5?
3
Let d = 6 + -17. Let g(q) = -q**2 - 14*q + 10. Calculate the remainder when g(d) is divided by 15.
13
Suppose 0*b = 5*b - 175. Suppose -2*l - 52 = -3*d, -d - 4*d + 93 = 3*l. What is the remainder when b is divided by d?
17
Suppose 3*r - 5*q = 73, 4*q = 4*r + r - 100. Calculate the remainder when 47 is divided by r.
15
Let t(s) = s + 7. Let f be t(-5). Calculate the remainder when f/7 - 1252/(-28) is divided by 12.
9
What is the remainder when 37 is divided by 15 + 1 - (-1 - -3)?
9
Suppose 0 = 42*f - 47*f + 115. What is the remainder when 41 is divided by f?
18
Let q = 42 + -15. Let w = 38 - q. Calculate the remainder when -2 - -3*102/9 is divided by w.
10
Suppose -4*c + 5*y + 1 = 0, c = -0*c + 3*y + 2. Let a = c - -19. Calculate the remainder when 33 is divided by a.
15
Suppose 2*l - 2*o - 26 = 0, -2*l + 36 = -0*l - 4*o. Suppose 2*z - l = -0*z. What is the remainder when 15 is divided by z?
3
Let g = 180 + -103. What is the remainder when g is divided by 20?
17
Let n(t) = t - 6. Let l be n(6). Suppose 0*y + 2*y - 22 = l. Suppose -o - 37 = -2*j - 0*o, 5*o - 25 = 0. Calculate the remainder when j is divided by y.
10
Calculate the remainder when 39/12 - (-4)/(-16) is divided by 2.
1
Let y(d) = 2*d**2 - d - 2. Let l be y(-5). Suppose -4*t + l = -w, -3*t - 24 = -5*t - 2*w. What is the remainder when 23 is divided by t?
10
Let s = 306 - 180. Suppose 96 = 3*h - 3*j, -2*h + 5*h + 3*j = s. Calculate the remainder when h is divided by 13.
11
Suppose 4*g - 5*g = 2. Suppose 24 = c + 3*c. Calculate the remainder when 41 is divided by -1 - g/(c/45).
13
Let h(y) = 2*y**2 - 15*y + 16. What is the remainder when 14 is divided by h(7)?
5
Let h be 104/(-40) + (-4)/10. Let t(v) = v**3 + 4*v**2 + v. Calculate the remainder when 10 is divided by t(h).
4
What is the remainder when 325/10*18/15 - 1 is divided by 14?
10
Let n(s) = 15*s + 4. Suppose -21 = -d - 4*z, -3*d = 3*z - 28 - 17. Calculate the remainder when n(4) is divided by d.
12
Let f(z) = 27*z**2 - z - 1. Calculate the remainder when f(-1) is divided by 7.
6
Suppose -5*g + 10 + 5 = 0. Suppose 2*p = -4*k + 1 + g, -2*p + 5 = 3*k. What is the remainder when (3/(-3))/(3/(-33)) is divided by p?
3
Suppose 0 = -3*h + 31 + 20. Let d = 69 + -37. What is the remainder when d is divided by h?
15
Suppose 73 = 3*q - 170. What is the remainder when q is divided by 31?
19
Suppose 2*n = -4 + 72. Calculate the remainder when n is divided by 9.
7
Suppose 181 = 4*y + 17. Calculate the remainder when 121 is divided by y.
39
Let y be 9/(-2 - 15/(-12)). Let h = y - -18. What is the remainder when h is divided by 2?
0
Suppose -5*h + p + 3*p = -209, -2*h - 2*p = -80. Suppose -x + 43 = -h. What is the remainder when x is divided by 29?
26
Calculate the remainder when 39 is divided by -3 + -12*(-3 - -1).
18
Suppose 5*t + 34 = r, 2*t + 0*t = -r + 6. What is the remainder when r is divided by 13?
1
Suppose 4*d - 56 = 3*k, -4*d + 56 = -0*d + k. Suppose -4*v = 3*g - 164, -5*g + g + 5*v = -198. Calculate the remainder when g is divided by d.
10
Let m be 2/(5 - 3 - 3). Suppose 2*u + 5*f - 48 = 3*f, -2*u - f = -48. What is the remainder when u is divided by ((-1)/1)/(m/26)?
11
Let d be (-1)/3 + 14/6. Suppose c - 4*c + 15 = 0. Suppose d*y = 43 - c. What is the remainder when y is divided by 7?
5
Suppose -2*w = -t - 2, -2*t + 3 = 5*w - 11. Suppose 0 = -3*y - 5*u + 20, 2*u + 6 = 2*y - 2*u. Calculate the remainder when y is divided by w.
1
Suppose 33*w + 110 = 38*w. Let h(r) = 22*r - 2. What is the remainder when h(2) is divided by w?
20
Let g = -1 + 1. Let w(u) be the first derivative of u**2/2 + 35*u - 2. Calculate the remainder when w(g) is divided by 12.
11
Let f(o) = 6*o**2 + 2*o - 5. Let t(d) = -13*d**2 - 4*d + 11. Let v(x) = 9*f(x) + 4*t(x). What is the remainder when v(-4) is divided by 8?
7
Suppose 2*c + c + 3*m - 132 = 0, 5*m - 180 = -4*c. What is the remainder when c is divided by 17 + (3 - -3)/(-2)?
12
Let o(w) = -w**3 - 3*w**2 + 3*w + 2. Let l(f) = f + 28. Let v = -28 + 17. What is the remainder when l(v) is divided by o(-4)?
5
Let y(k) = k**2 + k - 3. Let b = -23 + 20. What is the remainder when y(b) is divided by 3?
0
Suppose 0 = -0*w - 4*w + 24. Let v(s) = s + 4. What is the remainder when 39 is divided by v(w)?
9
Suppose 0 = -4*k + 79 + 81. Calculate the remainder when k is divided by 21.
19
Suppose 0*p + 25 = 5*p. Suppose p*q - 812 - 143 = 0. Suppose -4*n = 2*j - 88, -5*j + 4*n = -q + 13. Calculate the remainder when j is divided by 20.
18
Let i = -1 + 6. Suppose 2*r + i*a - 23 = -0*r, r = 2*a + 7. Suppose -6*d + 106 = -2*d + 3*z, -4*d - 5*z + 110 = 0. What is the remainder when d is divided by r?
7
Calculate the remainder when 19 is divided by 2/4 + (-182)/(-28).
5
Let b(t) = 3*t + 7. Calculate the remainder when b(8) is divided by 16.
15
Suppose 0 = 4*d - 16 - 16. Suppose -4*q + 4*k = -392, -5*q + 3*k - d*k + 460 = 0. Suppose -4*g + q = -1. Calculate the remainder when g is divided by 13.
11
Calculate the remainder when 69 is divided by (-1)/(0 - 2)*36.
15
Let a be (-7)/(21/(-10) - -2). Let y = -34 + a. Calculate the remainder when y is divided by 19.
17
Let h(x) = x**2 - 10. What is the remainder when h(-8) is divided by 11?
10
Let o(l) = -l**3 + 4*l**2 + 2*l + 2. Let w be o(5). Let t = -18 - w. Let i(m) = -5*m + 1. What is the remainder when i(t) is divided by 14?
12
Suppose 2*i + 3 = 5. What is the remainder when (-1)/2 - 57/(-2) is divided by (16 - 2) + i/1?
13
Let w(h) = -h**3 + 7*h**2 + 4. Let x = -8 + 2. Let p = 4 - x. What is the remainder when p is divided by w(7)?
2
Suppose 17*c - 20*c + 60 = 0. Calculate the remainder when c is divided by (3/(-9))/(1/(-21)).
6
Let v(l) = l**2 - l - 2. Let u be v(3). Suppose -5*z + 2*k - 5 - 1 = 0, u*z = -4*k - 16. Let y = z + 9. Calculate the remainder when 19 is divided by y.
5
Suppose 51 = 7*y - 12. What is the remainder when 52 is divided by y?
7
Suppose 0 = -4*v + 37 + 83. Suppose -2*g + t + 11 = -g, 38 = 4*g - 2*t. What is the remainder when v is divided by g?
6
Let y = 6 + -1. Suppose -3*q + 7 = -2*h - 3, -3*q - y*h + 38 = 0. Calculate the remainder when 27 is divided by ((-2)/3)/(q/(-135)).
12
Suppose 5*r - 42 + 127 = 5*q, -5*r - 49 = -3*q. Calculate the remainder when q is divided by 10.
8
Suppose -4*g + 20 = -3*w, -4*g + 24 = g - 4*w. Let a = -5 + g. Calculate the remainder when (-2 - -1)/((-1)/7) is divided by a.
1
Suppose -8 = -2*v - 2*y, 3*v - 2*y = -y. Let b = v + 5. Calculate the remainder when 21 is divided by b.
3
Let j(n) = n**2 + 6*n - 22. What is the remainder when j(7) is divided by 12?
9
Let r = 23 + 30. Calculate the remainder when r is divi